ctors of p(-11).
11
Suppose 5*d = d + m - 13, 5*d + 4*m + 32 = 0. Let a be d*(3 - 134/(-8)). What are the prime factors of a/(-7) + 4/(-14)?
11
Let t = 77 - 36. List the prime factors of t.
41
Suppose -3*o - 4 = 4*f, 5*o - 4*f = o + 32. Let t(y) = -y**2 + 7*y - 2. Let q(v) = v. Let s(i) = 4*q(i) - t(i). What are the prime factors of s(o)?
2, 3
Suppose 0*l - 2 = 2*l, 4*s - l = 1. Let m be ((-3)/(-6) + 0)*8. Suppose s = m*x + x - 45. List the prime factors of x.
3
Let u = 12 - 2. Let t = u + -7. Let a = t + 8. What are the prime factors of a?
11
Let s(o) = -o. Let k(x) = 3*x + 4. Let a(f) = -k(f) - 2*s(f). Let w be a(-6). List the prime factors of w*(-1)/(6/(-33)).
11
Suppose -5*v + 0*v - 50 = 0. Let a(l) = l + 8. Let w be a(v). Let q = 7 + w. List the prime factors of q.
5
Suppose 539 = 12*w - 5*w. What are the prime factors of w?
7, 11
Let c(q) = q**2 - 6*q + 2. Suppose -3*i = -4*h - 37, 23 - 7 = -4*h. What are the prime factors of c(i)?
3
Let u = 4 - -23. What are the prime factors of u?
3
Let h(b) = b**3 - 4*b**2 - 5*b - 10. What are the prime factors of h(6)?
2
Let x(q) = q**3 - 8*q**2 + 6*q + 6. Let f be x(7). Let c be (0 - 4)*f - -2. Suppose 5*d + c = 71. List the prime factors of d.
13
Let u = 5 + 0. Let x = 7 - u. Suppose 2*h + 0*h = -x*y + 22, -3*h - 23 = -4*y. List the prime factors of y.
2
Suppose -2*l - 5*h + 123 = 0, -4*l = h - 0*h - 201. List the prime factors of l.
7
Let a be (-8)/(-28) - (-416)/14. What are the prime factors of -6*5/(a/(-16))?
2
Let u = -21 - -24. Suppose u*p - 27 - 96 = 0. List the prime factors of p.
41
Let n = 16 - 24. List the prime factors of (-8)/16*(n + -2).
5
Let n be (-2)/(1*(-4)/(-12)). What are the prime factors of (n/(-5))/((-4)/(-70))?
3, 7
Suppose 3*y - 13 = 2, y - 15 = 5*s. Let m = 3 - s. What are the prime factors of m?
5
Let z(n) = n**2 - 2*n + 2. What are the prime factors of z(7)?
37
Let l = -6 + 4. What are the prime factors of (12 - 6/(-2)) + l?
13
Let m(c) = 3*c - 8*c**2 + 5*c + c**3 + 2 + 5 + 0. Let l be m(7). Suppose 0 = -2*t + 4*t - l. List the prime factors of t.
7
Let l = -5 + 10. Suppose 3*k - 6 = -2*k - r, l*r + 18 = -k. Suppose 4 = k*t - 0. What are the prime factors of t?
2
Let r(t) = 7*t - 7. What are the prime factors of r(8)?
7
Let t(i) = -i + 11. Let d be t(9). Let l be -3 + -23 - (1 - d). What are the prime factors of (-1 + 5)*l/(-10)?
2, 5
Let o(m) = 5*m**2 + m + 3. Let b be o(-3). Suppose 4*t - b = -d, -d = -t - 15 - 15. What are the prime factors of d?
3, 11
Let p(a) = -a**2 + 13*a - 4. Let m(f) = f**2 - 12*f + 3. Let n(z) = 3*m(z) + 4*p(z). What are the prime factors of n(7)?
2, 7
Let i be (-506)/(-10) - (-15)/(-25). Let o = i - 15. What are the prime factors of o?
5, 7
Let c = 244 - 144. List the prime factors of c.
2, 5
Let s(l) = l**2 + 4*l + 5. Suppose -3*p = 4*y + 23, -5*y + p - 27 = 3*p. Let z be s(y). Suppose 0*j = -j + z. What are the prime factors of j?
2, 5
Let j(x) = x**2 - 6 + 3 + 0 - 4*x - 6. Let q = -15 + 22. What are the prime factors of j(q)?
2, 3
Let n = -13 - -15. Suppose -o - 22 = -n*o. What are the prime factors of o?
2, 11
Suppose 20 = 5*b - 5, 5*v - 325 = -3*b. List the prime factors of v.
2, 31
Let g = -6 - -8. Suppose 0 = g*y - 4 - 4. List the prime factors of y.
2
List the prime factors of 19*2*(-1)/(-2).
19
Let z(j) = 26*j**2 - j. Let o be z(1). Suppose 2*u - o = 7*u, 0 = -2*y + 4*u + 4. Let h = y - -11. What are the prime factors of h?
3
Suppose 3*x + 2*x - 135 = 0. List the prime factors of x.
3
What are the prime factors of 5/(-20) + 1/4 + 251?
251
Suppose -3*d = -w - 91 - 29, 4*d + 3*w = 173. List the prime factors of d.
41
Let o be 1*(-3 - (-5 - -2)). Suppose -2*a - a + 54 = o. What are the prime factors of a?
2, 3
Suppose -3*g = 6*g - 1152. What are the prime factors of g?
2
Let c be (-27)/(-6)*(-66)/(-9). Suppose -l - 2 = -3*l, 0 = 2*r + 5*l - c. List the prime factors of r.
2, 7
List the prime factors of (63/(-18))/(1/(-18)).
3, 7
Let l(u) = u**3 + 5*u**2 + 2*u - 2. Let h = -8 + 4. What are the prime factors of l(h)?
2, 3
Suppose c - 26 = 56. List the prime factors of c.
2, 41
Suppose -5*m = -4*s - 424, -3*m + 4*m = 5*s + 89. List the prime factors of m.
2, 3, 7
Let q(g) = -2*g + 9. Let b(s) = s - 5. Let h(y) = 7*b(y) + 3*q(y). Let a be h(7). List the prime factors of (a - -27)/(8 + -6).
13
What are the prime factors of -5*(-2 + (-4)/(-10))?
2
Suppose 3*j = -3 - 12, 3*y - 4*j - 14 = 0. Let m(z) = 4*z**2 - z - 2. Let c be m(y). Let o = c - 4. List the prime factors of o.
2, 3
Let p = 12 - 6. List the prime factors of 15/p*(-16)/(-5).
2
Let t = -14 + -15. What are the prime factors of t/(-6) + 6/36?
5
Let r(f) = -4*f**2 + f - 1. Let u be r(2). List the prime factors of (21/u - -3)*10.
2
Suppose 0 = 2*n - 5*l - 88, -4*l - 96 = -2*n - l. What are the prime factors of n?
2, 3
Suppose -4*j + 5*d + 1 = -24, -5*d = j - 25. Suppose 0*a + a = j. What are the prime factors of a?
2, 5
Let n(k) = -2*k**2 - 4*k - 3. Suppose -4 = b + b. Let o be n(b). List the prime factors of (-26)/(-6)*3 - o.
2
Let i(q) = -q**2 + 3*q + 4. Let j be i(3). Suppose -j*t - 5*d + 1 = -3*t, 0 = -t + 5*d + 31. What are the prime factors of t?
2
Suppose p + 0*p = r + 6, 4*r = 5*p - 29. Suppose -80 = m - p*m. What are the prime factors of m?
2, 5
Suppose 16 - 58 = -3*d. What are the prime factors of d?
2, 7
Let g = 17 + -13. Suppose g*p = p + 87. List the prime factors of p.
29
What are the prime factors of 18 - (2 + (-3 - -1))?
2, 3
Let t = 215 - 81. Suppose 3*o + 5*l = t, -o + 3*l + 30 = l. What are the prime factors of o?
2, 19
Let p be 1 - (-25 - 3) - 1. Suppose 2*d - 2*i = 4*d - 12, 2*i = 3*d - p. What are the prime factors of d?
2
Let f = 670 + -448. List the prime factors of f.
2, 3, 37
Let n = -128 - -246. List the prime factors of n.
2, 59
Let q(y) = -y**2 - 8*y - 9. Let m(p) = p**3 + 2*p**2 + 2. Let t be m(2). Suppose t + 0 = -3*z. What are the prime factors of q(z)?
3
Let i be (3/(-2))/((-15)/(-340)). Let t = 61 + i. List the prime factors of t.
3
What are the prime factors of (-12 + 5)/((-2)/30)?
3, 5, 7
Suppose 4*d = 4*i - 19 + 7, -32 = 4*d + i. Let j(k) = 2*k**2 + 9*k - 6. List the prime factors of j(d).
29
Suppose 5 = l - 0. Let n(k) = k**2 - 6*k + 2. Let u be n(l). Let c(i) = i**3 + 4*i**2 + 2*i - 1. List the prime factors of c(u).
2
Suppose 14 = -5*d - 3*n + 2*n, 0 = -3*d + 3*n - 12. Let l(u) = u**2 + 2*u + 3. Let o be l(d). Suppose 2*f + f - o = 0. List the prime factors of f.
2
Let w(q) = 9*q - 1. Let i be w(-2). Let g = 41 + i. What are the prime factors of g?
2, 11
Let f(r) = -r**3 - 4*r**2 + 5*r - 8. Let t = -1 + -5. List the prime factors of f(t).
2, 17
Let n be 47/2*(-4 + 6). Let d = -17 + n. List the prime factors of d.
2, 3, 5
Suppose 154 + 62 = 3*z. What are the prime factors of z?
2, 3
Let d = 19 + -16. Suppose 5*c + 30 = y, 3*y = 2*y + d*c + 26. What are the prime factors of y?
2, 5
Let m(r) be the first derivative of -5*r**3/3 + r**2/2 - 2*r - 3. Let x(d) = -6*d**2 + d - 2. Let q(o) = -5*m(o) + 4*x(o). What are the prime factors of q(4)?
2, 7
Suppose 2*l - 3*q = 326, 4*l + 5*q + 5 = 679. List the prime factors of l.
2, 83
Let h(g) be the first derivative of g**2/2 + 5*g + 3. Let s be h(7). Suppose -3*i + 59 = 4*c, i - s - 26 = -3*c. List the prime factors of c.
11
Let h = 48 - 15. What are the prime factors of h?
3, 11
Let r = 3 - 3. Suppose -3*g - 2*g + 60 = r. Let y = g + 0. What are the prime factors of y?
2, 3
Suppose -32 = -y - 2*q, 5*q + 55 = 2*y - 0*q. Let a be (-2)/8 - (-2)/8. Suppose -5*m + 0 + y = a. What are the prime factors of m?
2, 3
Let w(q) be the second derivative of q**5/20 + 5*q**4/12 + 5*q**3/6 + 3*q**2/2 + 2*q. Let h be w(-3). Let m = h + 3. What are the prime factors of m?
3
Let i = 2 - 1. Suppose -i = c - 3. What are the prime factors of c?
2
Let s = 12 - 5. Suppose -4*p + 1 = -s. Suppose 0 = p*q - 1 - 9. List the prime factors of q.
5
Let o be 84/15 - (-3)/(-5). Suppose -v - o = -17. List the prime factors of v.
2, 3
Let j = -19 + 30. Suppose -j - 81 = -4*v. What are the prime factors of v?
23
Let k(w) = w**3 - w**2 - 1. Let r(c) = 7*c**3 - 7*c**2 + c + 29. Let v(i) = -6*k(i) + r(i). What are the prime factors of v(0)?
5, 7
Let i(f) = -2*f + 4. List the prime factors of i(-7).
2, 3
Suppose -3*x + 5*g + 133 = 0, -x + 21 +